3 + -12011?
-11423
In base 12, what is 46 + -5?
41
In base 16, what is -81 - -3?
-7e
In base 2, what is -10 + -1010101001?
-1010101011
In base 15, what is 1b + -1?
1a
In base 6, what is 11155 + 5?
11204
In base 6, what is -125 - 1?
-130
In base 5, what is -3 - 3004?
-3012
In base 11, what is 5 + 278?
282
In base 4, what is -10031 + -10?
-10101
In base 8, what is 2 - -51?
53
In base 5, what is -404 + -3?
-412
In base 6, what is 2 - -21?
23
In base 7, what is -305 + 2?
-303
In base 7, what is -5 + -5601?
-5606
In base 9, what is 6 - 107?
-101
In base 7, what is 3 + -34?
-31
In base 13, what is -5 + 58?
53
In base 9, what is 3 - -328?
332
In base 15, what is -e1 - -4?
-dc
In base 8, what is -11 + -14?
-25
In base 11, what is 43 + 7?
4a
In base 5, what is -4 - 12334?
-12343
In base 4, what is -3023201 - -10?
-3023131
In base 10, what is 39 + 41?
80
In base 13, what is 1 - -31?
32
In base 2, what is 101 - -101010010?
101010111
In base 13, what is 50 - 0?
50
In base 7, what is -3 + -26?
-32
In base 6, what is -44 + 1400?
1312
In base 10, what is -2 - 96?
-98
In base 13, what is -1 - 6b?
-6c
In base 15, what is -3 - -53?
50
In base 9, what is -27 - -8?
-18
In base 7, what is 11 + -42?
-31
In base 14, what is 1d - bc?
-9d
In base 11, what is -556 - 5?
-560
In base 12, what is -74a + 1?
-749
In base 14, what is -54a - -3?
-547
In base 12, what is -5 + 6?
1
In base 12, what is 249 - 10?
239
In base 10, what is 5 + -792?
-787
In base 8, what is 24535 + -3?
24532
In base 10, what is 3 + 22?
25
In base 7, what is 3 + 1?
4
In base 7, what is 521 - -3?
524
In base 2, what is -1 + -1100101?
-1100110
In base 9, what is -1184 + 0?
-1184
In base 6, what is -3 + -223?
-230
In base 3, what is 0 - -2222?
2222
In base 12, what is 3 + 15?
18
In base 16, what is 2 - 16b?
-169
In base 5, what is -23 - -4?
-14
In base 8, what is -12075 - 3?
-12100
In base 6, what is 4 + 532?
540
In base 13, what is -3 + 3?
0
In base 11, what is -aa6 + -a?
-1005
In base 3, what is 211210 + -12?
211121
In base 12, what is -4ba6 - 1?
-4ba7
In base 13, what is -210 + -3?
-213
In base 7, what is -2612 - 5?
-2620
In base 3, what is 11 - 1112001?
-1111220
In base 16, what is c - -72?
7e
In base 2, what is -10 + -1010111?
-1011001
In base 11, what is 4 + -41?
-38
In base 10, what is -4 - -148?
144
In base 11, what is 38 + -198?
-160
In base 13, what is -a - 46?
-53
In base 11, what is -1a + -3?
-22
In base 8, what is -5515 - 1?
-5516
In base 8, what is 16 - -101?
117
In base 4, what is -31033 + 1?
-31032
In base 13, what is -a - 5?
-12
In base 7, what is 0 + -20540?
-20540
In base 3, what is -11001102 - 2?
-11001111
In base 13, what is c + -17?
-8
In base 8, what is 3572 - 4?
3566
In base 11, what is -a8 + -38?
-135
In base 5, what is 14 - 443?
-424
In base 5, what is 12 + 1044?
1111
In base 4, what is -330 + -111?
-1101
In base 12, what is -317 - -1?
-316
In base 10, what is 5 + -73?
-68
In base 12, what is -15b8 + 4?
-15b4
In base 7, what is 13425 + -5?
13420
In base 9, what is -3785 - -5?
-3780
In base 4, what is -2033 + -10?
-2103
In base 6, what is 2 + 142?
144
In base 3, what is -1110 - -111120?
110010
In base 5, what is -23 + 43?
20
In base 7, what is 30 - 20?
10
In base 3, what is -121 + 10202?
10011
In base 13, what is 26 - -22?
48
In base 2, what is -100011010 + 1?
-100011001
In base 2, what is -101 - 10011110?
-10100011
In base 13, what is -2a08 + -5?
-2a10
In base 9, what is 6 + -7?
-1
In base 13, what is 74 - 1?
73
In base 4, what is -3123 + 1?
-3122
In base 4, what is 23 - -1023?
1112
In base 5, what is 30230 - -4?
30234
In base 14, what is -6 - 623?
-629
In base 5, what is 2404 + -10?
2344
In base 5, what is 21 - -320?
341
In base 11, what is -8 + 2?
-6
In base 9, what is -56 - 3?
-60
In base 11, what is -19 + -2?
-20
In base 3, what is -12 - 2101?
-2120
In base 11, what is -41 + -5?
-46
In base 3, what is 102 + -2011?
-1202
In base 14, what is -4 - -511?
50b
In base 3, what is 101002 + 22?
101101
In base 2, what is -101 - 1101011011?
-1101100000
In base 2, what is 10000 + 10010?
100010
In base 8, what is 42 + -22?
20
In base 12, what is 1aab + -2?
1aa9
In base 11, what is a01 + 2?
a03
In base 16, what is -1 - 5f?
-60
In base 3, what is -102210200 + 1?
-102210122
In base 16, what is 631 - 0?
631
In base 3, what is -2 + -211010?
-211012
In base 15, what is de3 + 0?
de3
In base 6, what is 1 - 533?
-532
In base 6, what is 15124 - -4?
15132
In base 12, what is 4 - 15?
-11
In base 13, what is -56 + 4?
-52
In base 16, what is e - -7?
15
In base 15, what is -57 - 2?
-59
In base 3, what is -1020 + -20120?
-21210
In base 3, what is -10002 - -21?
-2211
In base 14, what is 1 - da9?
-da8
In base 13, what is 7 - -4?
b
In base 12, what is -4 - -58a?
586
In base 6, what is 1 + -2144?
-2143
In base 14, what is 99 - -4?
9d
In base 10, what is -268 + -13?
-281
In base 2, what is -10101110001100 + -101?
-10101110010001
In base 4, what is -30 + 3?
-21
In base 2, what is -100101 - -1101?
-11000
In base 2, what is 1100 + -10110110?
-10101010
In base 6, what is -15 + 53?
34
In base 9, what is 2 - 3154?
-3152
In base 12, what is -1a1 - 1?
-1a2
In base 11, what is -19 - -18?
-1
In base 9, what is 105 + -40?
55
In base 13, what is -156 + 4?
-152
In base 15, what is -3 - -18?
15
In base 14, what is -3 + -5c?
-61
In base 16, what is 759 + -4?
755
In base 10, what is 5 - -862?
867
In base 7, what is 1 + 3210?
3211
In base 10, what is 2941 + 2?
2943
In base 10, what is -1927 + 4?
-1923
In base 10, what is -4 + 3?
-1
In base 12, what is 0 - 1140?
-1140
In base 15, what is 557 + -5?
552
In base 16, what is 41 - 31?
10
In base 2, what is 1101 + -10110?
-1001
In base 13, what is 6c6 + 5?
6cb
In base 8, what is -3 - -167?
164
In base 4, what is -1 - -200221?
200220
In base 10, what is -12 - -374?
362
In base 15, what is 8 + 2b?
34
In base 5, what is 3 - -2?
10
In base 6, what is -111 + -21?
-132
In base 11, what is 36792 + 5?
36797
In base 9, what is 1 - -66?
67
In base 5, what is -440012 - 0?
-440012
In base 4, what is 202 + 122?
330
In base 10, what is -5 - 2672?
-2677
In base 15, what is 1ce - 3?
1cb
In base 13, what is -a + -5?
-12
In base 11, what is 0 + 9?
9
In base 4, what is -1 + 3233?
3232
In base 4, what is 1 - 103002?
-103001
In base 9, what is -10 - 12?
-22
In base 6, what is -111 - -44?
-23
In base 12, what is 13a + -2?
138
In base 4, what is -231 - -21?
-210
In base 5, what is 44 + 201?
300
In base 11, what is 1300a + 3?
13012
In base 15, what is 3d2 + -2?
3d0
In base 12, what is 65 + 5?
6a
In base 11, what is 3 + 5a?
62
In base 12, what is -2 + 1609?
1607
In base 9, what is -22163 - -1?
-22162
In base 13, what is 3 + -108c?
-1089
In base 15, what is -5 - -79?
74
In base 6, what is 1313 - 2?
1311
In base 8, what is -67 + 1?
-66
In base 3, what is 10022 + -10?
10012
In base 10, what is -56 + 1?
-55
In base 6, what is -400 + -1?
-401
In base 16, what is -2e + -1?
-2f
In base 16, what is -12 - -5?
-d
In base 6, what is -1 - 1004?
-1005
In base 5, what is -1 - -2?
1
In base 14, what is -23 + -b?
-30
In base 14, what is -117 - 6?
-11d
In base 11, what is -1a - 0?
-1a
In base 6, what is 130230 - -4?
130234
In base 6, what is -222 - 135?
-401
In base 5, what is 313 - 12?
301
In base 3, what is 21 + 222112?
222210
In base 3, what is -102011 - 20?
-102101
In base 13, what is ac + 4?
b3
In base 8, what is -11 - -5?
-4
In base 14, what is a + -d67?
-d5b
In base 8, what is 24 - -611?
635
In base 14, what is -19 + -7?
-22
In base 2, what is -110 + 101011010?
101010100
In base 13, what is 4 - -845?
849
In base 9, what is -1474 - -4?
-1470
In base 4, what is -3 + 2001?
1332
In base 6, what is 13 + 100?
113
In base 3, what is -11012 + -102?
-11121
In base 15, what is -3 + 82?
7e
In base 7, what is 14 - -12?
26
In base 14, what is -2 - -1?
-1
In base 16, what is 5 + 74?
79
In base 9, what is 1 + 25?
26
In base 14, what is -7c - -13a?
9c
In base 8, what is -40 + 3?
-35
In base 9, what is 0 - 115?
-115
In base 9, what is 3 - -12238?
12242
In base 14, what is 97 + -1?
96
In base 7, what is 42 + -612?
-540
In base 3, what is 11122010 + 2?
11122012
In base 3, what is -1010120211 - -12?
-1010120122
In base 9, what is -14 + 433?
418
In base 4, what is -10 + -1?
-11
In base 2, what is 10111110111 - 11?
10111110100
In ba